{"id":17,"date":"2023-04-10T11:42:39","date_gmt":"2023-04-10T09:42:39","guid":{"rendered":"https:\/\/itluna.pl\/?page_id=17"},"modified":"2023-04-11T02:51:36","modified_gmt":"2023-04-11T00:51:36","slug":"strona-glowna","status":"publish","type":"page","link":"https:\/\/itluna.pl\/","title":{"rendered":"Strona g\u0142\u00f3wna"},"content":{"rendered":"\n<div class=\"wp-block-columns is-layout-flex wp-container-core-columns-is-layout-28f84493 wp-block-columns-is-layout-flex\">\n<div class=\"wp-block-column is-layout-flow wp-block-column-is-layout-flow\" style=\"flex-basis:100%\">\n<p>Jeste\u015bmy firm\u0105 specjalizuj\u0105c\u0105 si\u0119 w outsourcingu IT. Oferujemy kompleksowe rozwi\u0105zania dla firm, kt\u00f3re chc\u0105 skoncentrowa\u0107 si\u0119 na swojej podstawowej dzia\u0142alno\u015bci, jednocze\u015bnie zapewniaj\u0105c sobie efektywn\u0105 i niezawodn\u0105 obs\u0142ug\u0119 informatyczn\u0105. Nasza firma zatrudnia wykwalifikowany zesp\u00f3\u0142 specjalist\u00f3w z wieloletnim do\u015bwiadczeniem, kt\u00f3rzy s\u0105 w stanie sprosta\u0107 najbardziej wymagaj\u0105cym potrzebom naszych klient\u00f3w.<\/p>\n\n\n\n<div style=\"height:100px\" aria-hidden=\"true\" class=\"wp-block-spacer\"><\/div>\n\n\n\n<h2 class=\"wp-block-heading has-text-align-center has-text-color\" style=\"color:#3c4858\">W czym mo\u017cemy pom\u00f3c?<\/h2>\n\n\n\n<div class=\"wp-block-columns container is-layout-flex wp-container-core-columns-is-layout-28f84493 wp-block-columns-is-layout-flex\">\n<div class=\"wp-block-column is-layout-flow wp-block-column-is-layout-flow\"><div class=\"wp-block-image\">\n<figure class=\"aligncenter size-large\"><img decoding=\"async\" src=\"https:\/\/itluna.pl\/wp-content\/themes\/hestia\/assets\/img\/feat1.png\" alt=\"\" class=\"wp-image-70\"\/><\/figure>\n<\/div>\n\n\n<h5 class=\"wp-block-heading has-text-align-center has-text-color\" style=\"color:#3c4858;font-size:18px\">Us\u0142ugi IT<\/h5>\n\n\n\n<p class=\"has-text-align-center has-text-color\" style=\"color:#999999;font-size:14px\">Projektowanie, wdra\u017canie i utrzymanie system\u00f3w informatycznych, a tak\u017ce w zakresie bezpiecze\u0144stwo IT i zarz\u0105dzanie danymi.<\/p>\n\n\n\n<div style=\"height:25px\" aria-hidden=\"true\" class=\"wp-block-spacer\"><\/div>\n<\/div>\n\n\n\n<div class=\"wp-block-column is-layout-flow wp-block-column-is-layout-flow\"><div class=\"wp-block-image\">\n<figure class=\"aligncenter size-large\"><img decoding=\"async\" src=\"https:\/\/itluna.pl\/wp-content\/themes\/hestia\/assets\/img\/feat2.png\" alt=\"\" class=\"wp-image-71\"\/><\/figure>\n<\/div>\n\n\n<h5 class=\"wp-block-heading has-text-align-center has-text-color\" style=\"color:#3c4858;font-size:18px\">Outsourcing IT<\/h5>\n\n\n\n<p class=\"has-text-align-center has-text-color\" style=\"color:#999999;font-size:14px\">Skuteczniejsze wykorzystanie zasob\u00f3w oraz zwi\u0119kszenie efektywno\u015bci i elastyczno\u015bci przedsi\u0119biorstwa.<\/p>\n\n\n\n<div style=\"height:25px\" aria-hidden=\"true\" class=\"wp-block-spacer\"><\/div>\n<\/div>\n\n\n\n<div class=\"wp-block-column is-layout-flow wp-block-column-is-layout-flow\"><div class=\"wp-block-image\">\n<figure class=\"aligncenter size-large\"><img decoding=\"async\" src=\"https:\/\/itluna.pl\/wp-content\/themes\/hestia\/assets\/img\/feat3.png\" alt=\"\" class=\"wp-image-72\"\/><\/figure>\n<\/div>\n\n\n<h5 class=\"wp-block-heading has-text-align-center has-text-color\" style=\"color:#3c4858;font-size:18px\">Helpdesk IT<\/h5>\n\n\n\n<p class=\"has-text-align-center has-text-color\" style=\"color:#999999;font-size:14px\">Rozwi\u0105zywanie problem\u00f3w zwi\u0105zanych z oprogramowaniem i sprz\u0119tem komputerowym, szkolenia i doradztwo IT.<\/p>\n\n\n\n<div style=\"height:25px\" aria-hidden=\"true\" class=\"wp-block-spacer\"><\/div>\n<\/div>\n<\/div>\n\n\n\n<div style=\"height:40px\" aria-hidden=\"true\" class=\"wp-block-spacer\"><\/div>\n\n\n\n<div class=\"wp-block-columns is-layout-flex wp-container-core-columns-is-layout-28f84493 wp-block-columns-is-layout-flex\">\n<div class=\"wp-block-column is-layout-flow wp-block-column-is-layout-flow\">\n<p>Korzystanie z outsourcingu IT pozwala na zredukowanie koszt\u00f3w, kt\u00f3re zwi\u0105zane s\u0105 z utrzymaniem w\u0142asnego dzia\u0142u IT. Nasza firma oferuje konkurencyjne ceny, dzi\u0119ki czemu nasi klienci mog\u0105 zaoszcz\u0119dzi\u0107 nawet do 50% koszt\u00f3w w por\u00f3wnaniu do utrzymania w\u0142asnego dzia\u0142u IT. Ponadto, nasze rozwi\u0105zania s\u0105 elastyczne, co pozwala na ich dostosowanie do indywidualnych potrzeb ka\u017cdej firmy.<\/p>\n<\/div>\n\n\n\n<div class=\"wp-block-column is-layout-flow wp-block-column-is-layout-flow\">\n<p>Outsourcing IT pozwala r\u00f3wnie\u017c na skupienie si\u0119 na podstawowej dzia\u0142alno\u015bci firmy. W ten spos\u00f3b, nasi klienci mog\u0105 skupi\u0107 si\u0119 na rozwoju swojego biznesu, pozwalaj\u0105c nam zajmowa\u0107 si\u0119 obs\u0142ug\u0105 informatyczn\u0105. Nasze rozwi\u0105zania pozwalaj\u0105 na zwi\u0119kszenie wydajno\u015bci i efektywno\u015bci, co przek\u0142ada si\u0119 na zwi\u0119kszenie zysk\u00f3w naszych klient\u00f3w.<\/p>\n<\/div>\n<\/div>\n\n\n\n<div style=\"height:40px\" aria-hidden=\"true\" class=\"wp-block-spacer\"><\/div>\n\n\n\n<p>Nasza firma oferuje szereg us\u0142ug outsourcingu IT, w tym zarz\u0105dzanie sieciami komputerowymi, zarz\u0105dzanie serwerami, zapewnienie bezpiecze\u0144stwa informatycznego oraz wsparcie techniczne dla pracownik\u00f3w. Jeste\u015bmy r\u00f3wnie\u017c w stanie zapewni\u0107 wsparcie w zakresie wirtualizacji, chmury obliczeniowej, migracji danych oraz wielu innych obszar\u00f3w zwi\u0105zanych z IT.<\/p>\n\n\n\n<div style=\"height:40px\" aria-hidden=\"true\" class=\"wp-block-spacer\"><\/div>\n<\/div>\n<\/div>\n\n\n\n<div class=\"wp-block-columns container is-layout-flex wp-container-core-columns-is-layout-28f84493 wp-block-columns-is-layout-flex\">\n<div class=\"wp-block-column col-md-5 is-layout-flow wp-block-column-is-layout-flow\">\n<div style=\"height:55px\" aria-hidden=\"true\" class=\"wp-block-spacer\"><\/div>\n\n\n\n<p>Je\u015bli szukasz profesjonalnego i niezawodnego partnera do obs\u0142ugi IT Twojej firmy, skontaktuj si\u0119 z nami. Z przyjemno\u015bci\u0105 odpowiemy na wszystkie pytania i przedstawimy ofert\u0119 dostosowan\u0105 do indywidualnych potrzeb Twojej firmy.<\/p>\n<\/div>\n\n\n\n<div class=\"wp-block-column col-md-6 col-md-offset1 is-layout-flow wp-block-column-is-layout-flow\">\n<div style=\"height:55px\" aria-hidden=\"true\" class=\"wp-block-spacer\"><\/div>\n\n\n\n<figure class=\"wp-block-image size-large\"><img decoding=\"async\" src=\"https:\/\/itluna.pl\/wp-content\/themes\/hestia\/assets\/img\/about-content.png\" alt=\"\" class=\"wp-image-81\"\/><\/figure>\n\n\n\n<p><\/p>\n<\/div>\n<\/div>\n","protected":false},"excerpt":{"rendered":"<p>Jeste\u015bmy firm\u0105 specjalizuj\u0105c\u0105 si\u0119 w outsourcingu IT. Oferujemy kompleksowe rozwi\u0105zania dla firm, kt\u00f3re chc\u0105 skoncentrowa\u0107 si\u0119 na swojej podstawowej dzia\u0142alno\u015bci, jednocze\u015bnie zapewniaj\u0105c sobie efektywn\u0105 i niezawodn\u0105 obs\u0142ug\u0119 informatyczn\u0105. Nasza firma zatrudnia wykwalifikowany zesp\u00f3\u0142 specjalist\u00f3w z wieloletnim do\u015bwiadczeniem, kt\u00f3rzy s\u0105 w stanie sprosta\u0107 najbardziej wymagaj\u0105cym potrzebom naszych klient\u00f3w. W czym mo\u017cemy [&hellip;]<\/p>\n","protected":false},"author":2,"featured_media":0,"parent":0,"menu_order":0,"comment_status":"closed","ping_status":"closed","template":"","meta":{"_sitemap_exclude":false,"_sitemap_priority":"","_sitemap_frequency":"","footnotes":""},"class_list":["post-17","page","type-page","status-publish","hentry"],"yoast_head":"<!-- This site is optimized with the Yoast SEO plugin v27.1.1 - https:\/\/yoast.com\/product\/yoast-seo-wordpress\/ -->\n<title>Strona g\u0142\u00f3wna - IT Luna<\/title>\n<meta name=\"robots\" content=\"index, follow, max-snippet:-1, max-image-preview:large, max-video-preview:-1\" \/>\n<link rel=\"canonical\" href=\"https:\/\/itluna.pl\/\" \/>\n<meta property=\"og:locale\" content=\"pl_PL\" \/>\n<meta property=\"og:type\" content=\"article\" \/>\n<meta property=\"og:title\" content=\"Strona g\u0142\u00f3wna - IT Luna\" \/>\n<meta property=\"og:description\" content=\"Jeste\u015bmy firm\u0105 specjalizuj\u0105c\u0105 si\u0119 w outsourcingu IT. Oferujemy kompleksowe rozwi\u0105zania dla firm, kt\u00f3re chc\u0105 skoncentrowa\u0107 si\u0119 na swojej podstawowej dzia\u0142alno\u015bci, jednocze\u015bnie zapewniaj\u0105c sobie efektywn\u0105 i niezawodn\u0105 obs\u0142ug\u0119 informatyczn\u0105. Nasza firma zatrudnia wykwalifikowany zesp\u00f3\u0142 specjalist\u00f3w z wieloletnim do\u015bwiadczeniem, kt\u00f3rzy s\u0105 w stanie sprosta\u0107 najbardziej wymagaj\u0105cym potrzebom naszych klient\u00f3w. W czym mo\u017cemy [&hellip;]\" \/>\n<meta property=\"og:url\" content=\"https:\/\/itluna.pl\/\" \/>\n<meta property=\"og:site_name\" content=\"IT Luna\" \/>\n<meta property=\"article:publisher\" content=\"https:\/\/www.facebook.com\/profile.php?id=100091924801344\" \/>\n<meta property=\"article:modified_time\" content=\"2023-04-11T00:51:36+00:00\" \/>\n<meta property=\"og:image\" content=\"https:\/\/itluna.pl\/wp-content\/themes\/hestia\/assets\/img\/feat1.png\" \/>\n<meta name=\"twitter:card\" content=\"summary_large_image\" \/>\n<meta name=\"twitter:label1\" content=\"Szacowany czas czytania\" \/>\n\t<meta name=\"twitter:data1\" content=\"2 minuty\" \/>\n<script type=\"application\/ld+json\" class=\"yoast-schema-graph\">{\"@context\":\"https:\/\/schema.org\",\"@graph\":[{\"@type\":\"WebPage\",\"@id\":\"https:\/\/itluna.pl\/\",\"url\":\"https:\/\/itluna.pl\/\",\"name\":\"Strona g\u0142\u00f3wna - IT Luna\",\"isPartOf\":{\"@id\":\"https:\/\/itluna.pl\/#website\"},\"primaryImageOfPage\":{\"@id\":\"https:\/\/itluna.pl\/#primaryimage\"},\"image\":{\"@id\":\"https:\/\/itluna.pl\/#primaryimage\"},\"thumbnailUrl\":\"https:\/\/itluna.pl\/wp-content\/themes\/hestia\/assets\/img\/feat1.png\",\"datePublished\":\"2023-04-10T09:42:39+00:00\",\"dateModified\":\"2023-04-11T00:51:36+00:00\",\"breadcrumb\":{\"@id\":\"https:\/\/itluna.pl\/#breadcrumb\"},\"inLanguage\":\"pl-PL\",\"potentialAction\":[{\"@type\":\"ReadAction\",\"target\":[\"https:\/\/itluna.pl\/\"]}]},{\"@type\":\"ImageObject\",\"inLanguage\":\"pl-PL\",\"@id\":\"https:\/\/itluna.pl\/#primaryimage\",\"url\":\"https:\/\/itluna.pl\/wp-content\/themes\/hestia\/assets\/img\/feat1.png\",\"contentUrl\":\"https:\/\/itluna.pl\/wp-content\/themes\/hestia\/assets\/img\/feat1.png\"},{\"@type\":\"BreadcrumbList\",\"@id\":\"https:\/\/itluna.pl\/#breadcrumb\",\"itemListElement\":[{\"@type\":\"ListItem\",\"position\":1,\"name\":\"Strona g\u0142\u00f3wna\",\"item\":\"https:\/\/itluna.pl\/\"},{\"@type\":\"ListItem\",\"position\":2,\"name\":\"Strona g\u0142\u00f3wna\"}]},{\"@type\":\"WebSite\",\"@id\":\"https:\/\/itluna.pl\/#website\",\"url\":\"https:\/\/itluna.pl\/\",\"name\":\"IT Luna - Outsourcing IT\",\"description\":\"Outsourcing IT\",\"publisher\":{\"@id\":\"https:\/\/itluna.pl\/#organization\"},\"potentialAction\":[{\"@type\":\"SearchAction\",\"target\":{\"@type\":\"EntryPoint\",\"urlTemplate\":\"https:\/\/itluna.pl\/?s={search_term_string}\"},\"query-input\":{\"@type\":\"PropertyValueSpecification\",\"valueRequired\":true,\"valueName\":\"search_term_string\"}}],\"inLanguage\":\"pl-PL\"},{\"@type\":\"Organization\",\"@id\":\"https:\/\/itluna.pl\/#organization\",\"name\":\"IT Luna - Outsourcing IT\",\"url\":\"https:\/\/itluna.pl\/\",\"logo\":{\"@type\":\"ImageObject\",\"inLanguage\":\"pl-PL\",\"@id\":\"https:\/\/itluna.pl\/#\/schema\/logo\/image\/\",\"url\":\"https:\/\/itluna.pl\/wp-content\/uploads\/2023\/04\/logo.png\",\"contentUrl\":\"https:\/\/itluna.pl\/wp-content\/uploads\/2023\/04\/logo.png\",\"width\":1338,\"height\":509,\"caption\":\"IT Luna - Outsourcing IT\"},\"image\":{\"@id\":\"https:\/\/itluna.pl\/#\/schema\/logo\/image\/\"},\"sameAs\":[\"https:\/\/www.facebook.com\/profile.php?id=100091924801344\",\"https:\/\/www.instagram.com\/__itluna__\/\"]}]}<\/script>\n<!-- \/ Yoast SEO plugin. -->","yoast_head_json":{"title":"Strona g\u0142\u00f3wna - IT Luna","robots":{"index":"index","follow":"follow","max-snippet":"max-snippet:-1","max-image-preview":"max-image-preview:large","max-video-preview":"max-video-preview:-1"},"canonical":"https:\/\/itluna.pl\/","og_locale":"pl_PL","og_type":"article","og_title":"Strona g\u0142\u00f3wna - IT Luna","og_description":"Jeste\u015bmy firm\u0105 specjalizuj\u0105c\u0105 si\u0119 w outsourcingu IT. Oferujemy kompleksowe rozwi\u0105zania dla firm, kt\u00f3re chc\u0105 skoncentrowa\u0107 si\u0119 na swojej podstawowej dzia\u0142alno\u015bci, jednocze\u015bnie zapewniaj\u0105c sobie efektywn\u0105 i niezawodn\u0105 obs\u0142ug\u0119 informatyczn\u0105. Nasza firma zatrudnia wykwalifikowany zesp\u00f3\u0142 specjalist\u00f3w z wieloletnim do\u015bwiadczeniem, kt\u00f3rzy s\u0105 w stanie sprosta\u0107 najbardziej wymagaj\u0105cym potrzebom naszych klient\u00f3w. W czym mo\u017cemy [&hellip;]","og_url":"https:\/\/itluna.pl\/","og_site_name":"IT Luna","article_publisher":"https:\/\/www.facebook.com\/profile.php?id=100091924801344","article_modified_time":"2023-04-11T00:51:36+00:00","og_image":[{"url":"https:\/\/itluna.pl\/wp-content\/themes\/hestia\/assets\/img\/feat1.png","type":"","width":"","height":""}],"twitter_card":"summary_large_image","twitter_misc":{"Szacowany czas czytania":"2 minuty"},"schema":{"@context":"https:\/\/schema.org","@graph":[{"@type":"WebPage","@id":"https:\/\/itluna.pl\/","url":"https:\/\/itluna.pl\/","name":"Strona g\u0142\u00f3wna - IT Luna","isPartOf":{"@id":"https:\/\/itluna.pl\/#website"},"primaryImageOfPage":{"@id":"https:\/\/itluna.pl\/#primaryimage"},"image":{"@id":"https:\/\/itluna.pl\/#primaryimage"},"thumbnailUrl":"https:\/\/itluna.pl\/wp-content\/themes\/hestia\/assets\/img\/feat1.png","datePublished":"2023-04-10T09:42:39+00:00","dateModified":"2023-04-11T00:51:36+00:00","breadcrumb":{"@id":"https:\/\/itluna.pl\/#breadcrumb"},"inLanguage":"pl-PL","potentialAction":[{"@type":"ReadAction","target":["https:\/\/itluna.pl\/"]}]},{"@type":"ImageObject","inLanguage":"pl-PL","@id":"https:\/\/itluna.pl\/#primaryimage","url":"https:\/\/itluna.pl\/wp-content\/themes\/hestia\/assets\/img\/feat1.png","contentUrl":"https:\/\/itluna.pl\/wp-content\/themes\/hestia\/assets\/img\/feat1.png"},{"@type":"BreadcrumbList","@id":"https:\/\/itluna.pl\/#breadcrumb","itemListElement":[{"@type":"ListItem","position":1,"name":"Strona g\u0142\u00f3wna","item":"https:\/\/itluna.pl\/"},{"@type":"ListItem","position":2,"name":"Strona g\u0142\u00f3wna"}]},{"@type":"WebSite","@id":"https:\/\/itluna.pl\/#website","url":"https:\/\/itluna.pl\/","name":"IT Luna - Outsourcing IT","description":"Outsourcing IT","publisher":{"@id":"https:\/\/itluna.pl\/#organization"},"potentialAction":[{"@type":"SearchAction","target":{"@type":"EntryPoint","urlTemplate":"https:\/\/itluna.pl\/?s={search_term_string}"},"query-input":{"@type":"PropertyValueSpecification","valueRequired":true,"valueName":"search_term_string"}}],"inLanguage":"pl-PL"},{"@type":"Organization","@id":"https:\/\/itluna.pl\/#organization","name":"IT Luna - Outsourcing IT","url":"https:\/\/itluna.pl\/","logo":{"@type":"ImageObject","inLanguage":"pl-PL","@id":"https:\/\/itluna.pl\/#\/schema\/logo\/image\/","url":"https:\/\/itluna.pl\/wp-content\/uploads\/2023\/04\/logo.png","contentUrl":"https:\/\/itluna.pl\/wp-content\/uploads\/2023\/04\/logo.png","width":1338,"height":509,"caption":"IT Luna - Outsourcing IT"},"image":{"@id":"https:\/\/itluna.pl\/#\/schema\/logo\/image\/"},"sameAs":["https:\/\/www.facebook.com\/profile.php?id=100091924801344","https:\/\/www.instagram.com\/__itluna__\/"]}]}},"jetpack_sharing_enabled":true,"_links":{"self":[{"href":"https:\/\/itluna.pl\/index.php\/wp-json\/wp\/v2\/pages\/17","targetHints":{"allow":["GET"]}}],"collection":[{"href":"https:\/\/itluna.pl\/index.php\/wp-json\/wp\/v2\/pages"}],"about":[{"href":"https:\/\/itluna.pl\/index.php\/wp-json\/wp\/v2\/types\/page"}],"author":[{"embeddable":true,"href":"https:\/\/itluna.pl\/index.php\/wp-json\/wp\/v2\/users\/2"}],"replies":[{"embeddable":true,"href":"https:\/\/itluna.pl\/index.php\/wp-json\/wp\/v2\/comments?post=17"}],"version-history":[{"count":38,"href":"https:\/\/itluna.pl\/index.php\/wp-json\/wp\/v2\/pages\/17\/revisions"}],"predecessor-version":[{"id":155,"href":"https:\/\/itluna.pl\/index.php\/wp-json\/wp\/v2\/pages\/17\/revisions\/155"}],"wp:attachment":[{"href":"https:\/\/itluna.pl\/index.php\/wp-json\/wp\/v2\/media?parent=17"}],"curies":[{"name":"wp","href":"https:\/\/api.w.org\/{rel}","templated":true}]}}